 63644 + -63596. Let q(w) = w**3 - 4*w**2 + 2*w - 3. Let s be q(5). Calculate the greatest common factor of s and y.
16
Let h = 229 + -204. Suppose 0 = g + 2, 0 = -26*j + h*j + 2*g + 379. Calculate the highest common factor of 3 and j.
3
Let x be 2 + -21 + (1 - 6/3). Let h(n) = -n**3 - 19*n**2 + 20*n + 68. Let z be h(x). What is the greatest common factor of 34 and z?
34
Let l(t) = -t**3 - 7*t**2 - 8*t - 4. Let x be l(-6). Suppose 10 = -x*i + 34. Suppose 10 + 50 = i*b. Calculate the highest common factor of 4 and b.
4
Let o = 3 - -31. Let s(d) = d**3 + 78*d**2 + 375*d + 747. Let n be s(-73). Calculate the highest common factor of o and n.
17
Let n(m) = m**3 + 16*m**2 - 62*m - 64. Let i be n(-19). Let b(q) = q**3 - 5*q**2 - 27*q + 5. Let p be b(11). What is the highest common divisor of i and p?
31
Suppose -24*a = -34*a - 72*a + 18122. Calculate the highest common factor of 323 and a.
17
Let i(b) = -3*b + 5. Let f be i(1). Suppose f*l + 3 - 49 = 0. Calculate the highest common divisor of l and 368.
23
Suppose -24*m - 1723 = -6715. Let h be 1/(-2)*20/(-2). Suppose -h*k + 4*k = -26. What is the highest common divisor of k and m?
26
Let f = 6 + 15. Let h be 9/f + 11/7. Let u be -4 - (-7 - h - -2). Calculate the greatest common factor of 3 and u.
3
Let j(t) = t**3 - 9*t**2 - 17*t - 8. Let c = -46 + 70. Let l = c + -12. Let w be j(l). What is the greatest common factor of w and 20?
20
Suppose -4*v = -3*m - 731, 8*v - 6*v = -4*m + 382. Let g be 2/(((-24)/(-333))/4). Calculate the greatest common divisor of g and v.
37
Let v be (-3 - 0)/(-3)*0. Let h be (-4108)/(-20) + 1 + 42/70. Suppose -2*z + 395 + h = v. What is the highest common factor of z and 43?
43
Let t = 52 - 20. Suppose p + t = 5*p. Suppose i = -1785*o + 1780*o + 189, 4*o - 189 = -5*i. Calculate the greatest common factor of o and p.
4
Let y be (-120)/(-50) + (-1)/(15/(-9)). Suppose -a + 26 = -2*l, -8*a = -4*a - y*l - 89. What is the highest common factor of a and 25?
5
Let z = 136 + -91. Let o(a) = 103*a**2 - 83*a. Let r be o(1). What is the greatest common factor of r and z?
5
Suppose 0 = -y - 1, -5 = 2*q + 5*y. Suppose -16*m + 8*m + 1488 = q. What is the highest common divisor of m and 124?
62
Suppose -634*r = -696*r + 7812. What is the highest common divisor of 4074 and r?
42
Let p(g) = g**3 + 3*g**2 - 7*g - 6. Let a be -6*-2*(-4)/12. Let b be p(a). Let k(f) = 2*f - 4. Let c be k(b). What is the highest common factor of c and 1?
1
Let l be 1176/70 + 22/10. Calculate the highest common divisor of l and 7.
1
Let n = -785 + 799. What is the greatest common divisor of 182 and n?
14
Let s = 1125 - 1124. Calculate the greatest common divisor of s and 114.
1
Suppose -3*b - 1 = 5. Let l(n) = 4*n + 8. Let m be l(b). Suppose -26*a + 30*a - 720 = m. What is the highest common factor of 36 and a?
36
Let r(f) = -47*f + 3. Let k be r(-3). Let a = -126 + k. Calculate the highest common factor of a and 81.
9
Let k be -2 - ((-4)/6)/((-22)/(-33)). Let v be (k*9)/((-35)/210). Let p = 1 + 26. What is the highest common divisor of p and v?
27
Suppose 14*c = 181 + 379. Let l(g) = -5*g - 10. Let q be l(-5). Calculate the greatest common divisor of c and q.
5
Suppose 2*x = 53*c - 52*c + 299, 5*c = -2*x + 269. Let d = x + -129. What is the greatest common divisor of d and 450?
18
Let x(h) = -h. Let w be 22 - (-1 - 3)/(-4). Let z be x(w). Let u be 816/18 + z/9 + 1. What is the highest common divisor of 66 and u?
22
Suppose -164*z + 35574 = -10*z. Calculate the highest common divisor of z and 3399.
33
Let h be 24/(-6) + (-32 - -2)/(-3). Let y be (10 - 9) + 4 + 1. What is the highest common factor of y and h?
6
Let j(n) = 11*n - 120. Let x be j(10). Let t be 40/(-16)*x*2. What is the highest common factor of 20 and t?
10
Let y be 1*3*(-12)/(-6). Let f be (22/8)/(18/936). Let u = 152 - f. What is the greatest common factor of u and y?
3
Suppose 21*q = 13*q + 1624. Suppose 419*r - 203 = 412*r. What is the greatest common divisor of r and q?
29
Let n be ((-258)/(-344))/((-1)/(-132)). Let k be (1 + 8)/(3 - 2). What is the highest common divisor of n and k?
9
Suppose -111*r = -26923 + 1615. What is the greatest common divisor of r and 1216?
76
Suppose -4*z = -4*a - 540, -105 + 110 = a. What is the greatest common divisor of 945 and z?
35
Let x be (-4)/10 - ((-2)/44 + 14900/(-11000)). Suppose p = -3*a + 35, -2*a + 110 = 4*p - 5*a. Calculate the highest common factor of x and p.
1
Let i be 6 - (-17 + -44 - 12). Calculate the highest common factor of 3950 and i.
79
Suppose 0 = 4*b + 3*g - 617, 0 = 3*b + 2*g - 404 - 58. Calculate the highest common divisor of b and 1330.
38
Let i be 14 - 49470/(-32 - -15). What is the greatest common factor of 129 and i?
43
Suppose 21*m - 10*m = 5*m + 660. Calculate the highest common divisor of 88 and m.
22
Suppose 0 = -87*z + 82*z + 45. Let u = 1292 + -896. What is the highest common divisor of z and u?
9
Let k = 154066 - 87104. Let q be k/98 - (-4)/(-14). Let w = q - 438. Calculate the highest common factor of 35 and w.
35
Let y be (-214)/(-30) + 14/(-105). Suppose 4*x - 26 = -2. Suppose -2*m - 4*t = -x, 5*m + 2*t - 17 = 14. Calculate the highest common factor of y and m.
7
Suppose v + 3*z - 210 = 0, 3*v - 317 = 5*z + 257. Let j be (4 - 1) + (4 - 4). Let b be v/j*(21/9 - 2). What is the highest common factor of 110 and b?
22
Let p = 42625 - 42615. Calculate the highest common factor of p and 1090.
10
Let i(r) = -64*r**3 - 7*r**2 - 7*r - 1. Let n(j) = j**3 - 3*j**2 - 1. Let l be n(3). Let c be i(l). What is the greatest common factor of c and 21?
21
Suppose 2*v + 3*t + 66 = 6*v, 5*t = -4*v + 18. Calculate the greatest common factor of 1252 and v.
4
Let p(x) = -x**2 + 32*x + 40. Let i be p(33). Suppose i*g - 9*g = 2*o - 32, g = 5*o + 46. Calculate the highest common divisor of g and 525.
21
Suppose 0 = -45*d + 41*d - 1076. Let o = 278 + d. What is the greatest common factor of 117 and o?
9
Let g(o) = o**3 - 21*o**2 - 24*o + 46. Let q(k) = -k**2 + 1. Let x(a) = g(a) + q(a). Let j be x(23). Calculate the greatest common factor of j and 16.
8
Let s = 3991 + -3975. What is the greatest common factor of 15472 and s?
16
Let d be (-4 - (-84)/20)*5*10. Calculate the highest common factor of 432 and d.
2
Suppose -4 = 3*v + 5. Let x be ((-9)/3 - v)/5. Suppose 0 = -4*o + z + 43, -4*z + x*z + 28 = 4*o. What is the highest common divisor of o and 50?
10
Suppose -5*d = 4*r - 6*d - 3379, -4*d = -20. Calculate the highest common factor of 9 and r.
9
Suppose 20*p + 15 + 145 = 0. Let d(g) = -2*g - 5. Let z be d(p). Let i(f) = 67*f**2 + 2*f + 1. Let x be i(-1). What is the highest common divisor of z and x?
11
Let d(t) = -4*t - 4. Let l be d(-5). Suppose -9*f = -33 - 3. Suppose -f*o - 4*z + 453 = z, -4*o = 2*z - 450. Calculate the highest common factor of o and l.
16
Let l be 3*34/12*6. Let o be 254/5 + (-6)/(-90)*3. What is the highest common divisor of o and l?
51
Suppose 41513 = -u + 63530. Calculate the greatest common factor of 123 and u.
123
Suppose -17*v - 24255 = -5385. Let b = 1570 + v. Calculate the greatest common divisor of b and 46.
46
Let i(j) = 3*j**3 + 72*j**2 - 9*j + 108. Let b be i(7). Calculate the greatest common divisor of 156 and b.
78
Let t(k) = -56*k + 2364. Let o be t(42). Calculate the greatest common divisor of 42 and o.
6
Let d(u) = 5*u + 2. Let q be d(-2). Let p = q - -21. Suppose 13*y - 8*y + 525 = 5*t, 730 = 7*t - 2*y. Calculate the greatest common factor of p and t.
13
Let j(o) = -56*o + 117*o - 12 - 58*o. Let p be j(7). What is the greatest common divisor of 63 and p?
9
Suppose -36*o - 4300 = -2*s - 35*o, 0 = -4*s - o + 8576. Calculate the greatest common divisor of 1110 and s.
74
Let b(j) = 138*j + 135. Let c be b(1). What is the highest common divisor of c and 147?
21
Let g be ((-54)/8)/(1/(-4)). Let m be 17*(-9 - (-90)/9) + -14. What is the highest common divisor of g and m?
3
Let v = -101 + 121. Suppose -2*x + 0*x + 3*w = -23, v = -4*w. What is the greatest common factor of 2 and x?
2
Suppose 36*w - 40*w = -2*f + 4580, 0 = -4*w - 28. What is the greatest common factor of 4 and f?
4
Suppose -52*o + 955 = -2477. Suppose -454 = -6*p + 1526. Calculate the highest common factor of o and p.
66
Suppose 0 = 31*u - 19*u - 1416. Suppose 120*d = u*d + 82. What is the greatest 